rs of 166766.
2, 83383
List the prime factors of 471753.
3, 23, 43, 53
What are the prime factors of 290180?
2, 5, 11, 1319
What are the prime factors of 108364?
2, 27091
List the prime factors of 1214748.
2, 3, 41, 823
What are the prime factors of 49197?
3, 23, 31
List the prime factors of 153493.
17, 9029
What are the prime factors of 3923383?
1051, 3733
What are the prime factors of 1309345?
5, 131, 1999
What are the prime factors of 287721?
3, 7, 4567
What are the prime factors of 2804752?
2, 307, 571
List the prime factors of 10182329.
769, 13241
What are the prime factors of 930894?
2, 3, 113, 1373
List the prime factors of 2202356.
2, 13, 41, 1033
What are the prime factors of 311071?
277, 1123
List the prime factors of 2411028.
2, 3, 66973
What are the prime factors of 208056?
2, 3, 8669
List the prime factors of 109189.
137, 797
What are the prime factors of 15689249?
17, 922897
List the prime factors of 4201.
4201
What are the prime factors of 428972?
2, 107243
List the prime factors of 849845.
5, 29, 5861
List the prime factors of 389900.
2, 5, 7, 557
What are the prime factors of 182837?
19, 9623
What are the prime factors of 717860?
2, 5, 11, 13, 251
List the prime factors of 283630.
2, 5, 113, 251
What are the prime factors of 39158217?
3, 7, 67, 9277
List the prime factors of 25999345.
5, 37, 313, 449
What are the prime factors of 262368?
2, 3, 911
What are the prime factors of 172071?
3, 6373
What are the prime factors of 21071306?
2, 10535653
What are the prime factors of 128281?
163, 787
List the prime factors of 1088073.
3, 7, 19, 101
List the prime factors of 20245.
5, 4049
List the prime factors of 12761.
7, 1823
List the prime factors of 2323906.
2, 13, 89381
What are the prime factors of 1029567?
3, 7, 11, 4457
What are the prime factors of 1563175?
5, 31, 2017
What are the prime factors of 11692403?
11692403
List the prime factors of 25690476.
2, 3, 7, 305839
What are the prime factors of 8128772?
2, 2032193
What are the prime factors of 192029?
192029
What are the prime factors of 157335?
3, 5, 17, 617
What are the prime factors of 988774?
2, 494387
List the prime factors of 352335.
3, 5, 83, 283
List the prime factors of 659793.
3, 219931
What are the prime factors of 1635271?
11, 47, 3163
What are the prime factors of 2940677?
17, 172981
List the prime factors of 29255706.
2, 3, 19, 131, 653
What are the prime factors of 3546?
2, 3, 197
List the prime factors of 441000.
2, 3, 5, 7
List the prime factors of 12259258.
2, 11, 67, 8317
List the prime factors of 666302.
2, 7, 13, 523
List the prime factors of 219068.
2, 54767
List the prime factors of 318053.
17, 53, 353
List the prime factors of 13204209.
3, 4401403
What are the prime factors of 5160238?
2, 2580119
List the prime factors of 8150179.
31, 262909
List the prime factors of 1306328.
2, 283, 577
What are the prime factors of 17840211?
3, 5946737
List the prime factors of 1473450.
2, 3, 5, 11, 19, 47
What are the prime factors of 38952860?
2, 5, 37, 52639
List the prime factors of 8553893.
359, 23827
List the prime factors of 3330639.
3, 13, 3163
List the prime factors of 659188.
2, 223, 739
What are the prime factors of 25631179?
7, 3661597
What are the prime factors of 256093?
256093
List the prime factors of 5868444.
2, 3, 61, 8017
What are the prime factors of 358078?
2, 7, 25577
List the prime factors of 161569.
161569
List the prime factors of 6582522.
2, 3, 37, 149, 199
List the prime factors of 311007.
3, 103669
List the prime factors of 275859.
3, 17, 601
What are the prime factors of 1446374?
2, 197, 3671
What are the prime factors of 32273?
59, 547
What are the prime factors of 228912?
2, 3, 19, 251
List the prime factors of 126830.
2, 5, 11, 1153
List the prime factors of 3941479.
659, 5981
What are the prime factors of 301167?
3, 109, 307
What are the prime factors of 479010?
2, 3, 5, 7, 2281
List the prime factors of 252359.
252359
List the prime factors of 494733.
3, 164911
What are the prime factors of 1166163?
3, 19, 41, 499
List the prime factors of 646001.
23, 28087
List the prime factors of 1575299.
11, 47, 277
What are the prime factors of 47672?
2, 59, 101
What are the prime factors of 454382?
2, 227191
List the prime factors of 1405790.
2, 5, 257, 547
List the prime factors of 7713344.
2, 191, 631
What are the prime factors of 3970644?
2, 3, 330887
List the prime factors of 3679060.
2, 5, 7, 11, 2389
What are the prime factors of 1727728?
2, 83, 1301
List the prime factors of 4487788.
2, 1121947
What are the prime factors of 1003386?
2, 3, 89, 1879
What are the prime factors of 18681579?
3, 7, 19, 15607
What are the prime factors of 4759854?
2, 3, 11, 41, 1759
List the prime factors of 932514.
2, 3, 11, 71, 199
List the prime factors of 2571324.
2, 3, 7, 4373
List the prime factors of 29651514.
2, 3, 19, 29, 8969
List the prime factors of 184905.
3, 5, 7, 587
List the prime factors of 7544674.
2, 3772337
List the prime factors of 3013184.
2, 23, 89
What are the prime factors of 275903?
61, 4523
List the prime factors of 34699834.
2, 13, 29, 46021
List the prime factors of 1884587.
1884587
What are the prime factors of 132490?
2, 5, 13249
What are the prime factors of 7438857?
3, 2479619
List the prime factors of 615570.
2, 3, 5, 17, 71
List the prime factors of 100900.
2, 5, 1009
What are the prime factors of 3779357?
109, 34673
What are the prime factors of 15675486?
2, 3, 29, 90089
What are the prime factors of 339843?
3, 7, 16183
List the prime factors of 4012849.
71, 56519
List the prime factors of 7509067.
1319, 5693
List the prime factors of 6264805.
5, 467, 2683
List the prime factors of 763859.
763859
List the prime factors of 1734527.
17, 102031
What are the prime factors of 3274304?
2, 11, 4651
List the prime factors of 191180.
2, 5, 11, 79
List the prime factors of 30528.
2, 3, 53
List the prime factors of 6964264.
2, 870533
What are the prime factors of 3820?
2, 5, 191
List the prime factors of 215646.
2, 3, 127, 283
What are the prime factors of 2741579?
2741579
List the prime factors of 1796745.
3, 5, 119783
List the prime factors of 12369507.
3, 37, 47, 2371
What are the prime factors of 2514311?
197, 12763
List the prime factors of 5291531.
7, 277, 2729
List the prime factors of 2874818.
2, 1437409
List the prime factors of 149406.
2, 3, 37, 673
What are the prime factors of 3829886?
2, 53, 36131
What are the prime factors of 27082671?
3, 7, 11, 117241
What are the prime factors of 144084?
2, 3, 12007
List the prime factors of 872091.
3, 11, 23, 383
What are the prime factors of 828391?
23, 36017
List the prime factors of 24943618.
2, 7, 19, 79, 1187
What are the prime factors of 86224?
2, 17, 317
What are the prime factors of 15166522?
2, 7, 19, 23, 37, 67
What are the prime factors of 1148586?
2, 3, 47, 4073
What are the prime factors of 33674271?
3, 11224757
What are the prime factors of 1934583?
3, 7, 17, 5419
List the prime factors of 13694185.
5, 199, 13763
What are the prime factors of 4916568?
2, 3, 204857
What are the prime factors of 365585?
5, 11, 17, 23
List the prime factors of 2472057.
3, 7, 39239
What are the prime factors of 15675006?
2, 3, 23, 97, 1171
List the prime factors of 73022.
2, 29, 1259
List the prime factors of 2038847.
883, 2309
List the prime factors of 19735988.
2, 73, 67589
What are the prime factors of 4989949?
4989949
List the prime factors of 2362170.
2, 3, 5, 71, 1109
List the prime factors of 774183.
3, 258061
List the prime factors of 434300.
2, 5, 43, 101
What are the prime factors of 2560538?
2, 31, 41299
List the prime factors of 8113259.
7, 11, 105367
List the prime factors of 2253427.
11, 204857
What are the prime factors of 3464251?
7, 19, 61
List the prime factors of 7040615.
5, 1408123
What are the prime factors of 38721302?
2, 41, 163, 2897
List the prime factors of 335629.
7, 47947
List the prime factors of 18336700.
2, 5, 29, 6323
What are the prime factors of 81796?
2, 11, 13
What are the prime factors of 856409?
17, 50377
What are the prime factors of 616570?
2, 5, 61657
List the prime factors of 4158239.
23, 180793
What are the prime factors of 4166730?
2, 3, 5, 67, 691
What are the prime factors of 91434?
2, 3, 7, 311
List the prime factors of 533930.
2, 5, 107, 49